
94
What is the highest common divisor of 16 and 54512?
16
What is the highest common divisor of 57868 and 2668?
92
What is the highest common factor of 10511 and 161?
23
Calculate the highest common divisor of 3576 and 14453.
149
What is the greatest common factor of 9835 and 665?
35
Calculate the highest common factor of 44310 and 171965.
1055
Calculate the greatest common factor of 8 and 840936.
8
What is the highest common divisor of 359228 and 124?
124
Calculate the highest common divisor of 1557 and 15973263.
1557
What is the greatest common factor of 101040 and 240?
240
What is the greatest common divisor of 54071 and 1112?
139
Calculate the greatest common divisor of 402597 and 234.
117
What is the greatest common divisor of 7678 and 507446?
698
Calculate the greatest common factor of 109952 and 1152.
128
Calculate the greatest common factor of 52 and 46241.
13
What is the greatest common factor of 18042 and 9486?
186
What is the greatest common divisor of 2506 and 79834?
358
Calculate the highest common factor of 3420 and 4320.
180
What is the highest common divisor of 440 and 75920?
40
Calculate the greatest common divisor of 11275 and 656.
41
What is the greatest common factor of 1 and 233299?
1
Calculate the greatest common divisor of 204 and 143616.
204
Calculate the highest common divisor of 70295 and 255.
85
Calculate the highest common factor of 237 and 7381128.
237
Calculate the greatest common divisor of 3722 and 7.
1
Calculate the greatest common factor of 16876 and 164.
4
Calculate the highest common divisor of 5911 and 23.
23
What is the greatest common divisor of 959 and 4249?
7
Calculate the greatest common divisor of 105 and 7056.
21
Calculate the greatest common divisor of 20900 and 40.
20
What is the highest common divisor of 46 and 34339?
23
What is the greatest common factor of 16874 and 711776?
1534
Calculate the greatest common divisor of 18 and 82848.
6
Calculate the highest common divisor of 292 and 375366.
146
Calculate the greatest common factor of 39083 and 4522.
323
What is the greatest common divisor of 4558 and 2968?
106
What is the highest common divisor of 534 and 32307?
267
What is the greatest common factor of 794192 and 784?
784
Calculate the greatest common divisor of 6820 and 1085.
155
Calculate the greatest common factor of 78 and 2167854.
78
What is the greatest common divisor of 7154 and 5341?
49
What is the highest common factor of 40 and 730160?
40
Calculate the greatest common divisor of 3341 and 52.
13
What is the highest common factor of 16218 and 198?
18
Calculate the greatest common divisor of 1719277 and 553.
553
What is the highest common divisor of 844 and 1355886?
422
Calculate the greatest common factor of 18 and 16854.
6
What is the greatest common divisor of 855443 and 388?
97
What is the greatest common factor of 557682 and 492?
246
What is the greatest common factor of 332 and 889594?
166
What is the greatest common divisor of 32810 and 14365?
85
Calculate the highest common divisor of 1824 and 138396.
228
What is the highest common factor of 210946 and 1102?
58
What is the highest common factor of 111 and 729?
3
What is the greatest common factor of 573 and 13179?
573
Calculate the greatest common divisor of 6 and 11686.
2
Calculate the highest common factor of 788302 and 46.
46
What is the highest common factor of 83970 and 54?
54
Calculate the highest common factor of 320130 and 225.
45
What is the highest common divisor of 160 and 4192?
32
Calculate the highest common factor of 204336 and 216.
216
Calculate the highest common divisor of 50 and 1690.
10
What is the highest common divisor of 313063 and 133?
19
What is the greatest common factor of 66044 and 1254?
418
Calculate the highest common divisor of 2724002 and 386.
386
Calculate the greatest common divisor of 19652 and 11900.
68
What is the highest common divisor of 433944 and 896?
56
Calculate the greatest common factor of 1024 and 89248.
32
What is the highest common divisor of 1461051 and 954?
477
What is the highest common divisor of 15395 and 2245?
5
What is the highest common divisor of 209 and 19817?
19
What is the highest common factor of 927289 and 88?
11
What is the greatest common factor of 1655718 and 642?
642
What is the highest common factor of 292 and 6423124?
292
What is the greatest common factor of 3131985 and 15?
15
Calculate the greatest common divisor of 1479 and 37961.
493
What is the highest common divisor of 12875663 and 1471?
1471
Calculate the highest common factor of 1021750 and 610.
610
What is the greatest common factor of 32 and 6136?
8
What is the highest common divisor of 13 and 242216?
13
What is the highest common factor of 1876 and 1831244?
268
Calculate the highest common divisor of 17 and 2826743.
17
What is the greatest common divisor of 1623 and 2195378?
541
What is the highest common divisor of 21 and 2947?
7
Calculate the highest common factor of 1529 and 9119.
11
Calculate the highest common divisor of 9638 and 869.
79
Calculate the greatest common factor of 24 and 210608.
8
What is the highest common divisor of 129498 and 52206?
678
Calculate the greatest common divisor of 944724 and 51.
51
Calculate the greatest common divisor of 385198 and 550.
22
Calculate the greatest common factor of 2032574 and 1412.
706
What is the highest common divisor of 1933611 and 627?
57
What is the highest common factor of 216 and 868104?
216
What is the highest common factor of 3245 and 112277?
649
Calculate the highest common divisor of 328096 and 32.
32
Calculate the highest common divisor of 40432 and 4088.
56
Calculate the highest common factor of 12 and 3228.
12
What is the highest common divisor of 4445 and 1611757?
889
What is the highest common factor of 885 and 915?
15
Calculate the highest common divisor of 50 and 58150.
50
Calculate the highest common factor of 100007 and 2231.
97
Calculate the highest common divisor of 1363 and 17429.
29
What is the greatest common factor of 65 and 505427?
13
Calculate the highest common factor of 1313209 and 723.
241
What is the highest common factor of 4 and 2377?
1
Calculate the greatest common divisor of 811686 and 6.
6
What is the highest common divisor of 125328 and 336?
336
What is the greatest common factor of 32 and 57872?
16
Calculate the greatest common divisor of 45958 and 44.
22
What is the greatest common divisor of 2684850 and 1050?
1050
Calculate the highest common factor of 199533 and 1135.
227
Calculate the highest common divisor of 63 and 121338.
63
Calculate the greatest common factor of 1162 and 13594.
14
Calculate the highest common factor of 97 and 91277.
97
What is the highest common divisor of 177776 and 984?
328
Calculate the highest common factor of 576 and 3663.
9
What is the greatest common divisor of 38813 and 37?
37
What is the greatest common factor of 20504 and 1165?
233
Calculate the highest common factor of 12 and 19233528.
12
What is the greatest common factor of 443412 and 108?
36
Calculate the highest common factor of 5370 and 30.
30
What is the highest common divisor of 1032 and 9456?
24
Calculate the highest common factor of 1 and 13879.
1
Calculate the greatest common factor of 283 and 813059.
283
What is the highest common divisor of 8664 and 218424?
456
Calculate the highest common divisor of 74390 and 50.
10
What is the highest common factor of 5758 and 4?
2
Calculate the greatest common divisor of 21 and 739767.
21
What is the highest common divisor of 4526 and 55738?
62
What is the greatest common divisor of 3454408 and 16?
8
Calculate the highest common divisor of 33512 and 1298.
118
Calculate the greatest common divisor of 24 and 679140.
12
What is the highest common divisor of 92022 and 1?
1
What is the highest common divisor of 310 and 142135?
155
Calculate the highest common factor of 229545 and 45.
45
Calculate the highest common factor of 170362 and 206.
206
Calculate the highest common divisor of 474 and 303123.
237
Calculate the greatest common factor of 20492 and 100.
4
What is the greatest common divisor of 210 and 44970?
30
Calculate the highest common factor of 944 and 311048.
472
What is the highest common factor of 17372 and 516?
172
Calculate the greatest common factor of 5980 and 90068